e the remainder when 3209 is divided by 265.
29
What is the remainder when 6903 is divided by 6880?
23
Calculate the remainder when 2784 is divided by 408.
336
Calculate the remainder when 94833 is divided by 114.
99
What is the remainder when 59256 is divided by 19596?
468
What is the remainder when 57389 is divided by 3018?
47
What is the remainder when 114934 is divided by 525?
484
Calculate the remainder when 38228 is divided by 103.
15
Calculate the remainder when 7159 is divided by 797.
783
Calculate the remainder when 41071 is divided by 165.
151
Calculate the remainder when 1091747 is divided by 22.
19
Calculate the remainder when 37204 is divided by 61.
55
Calculate the remainder when 1298 is divided by 515.
268
What is the remainder when 6838 is divided by 1415?
1178
What is the remainder when 117131 is divided by 21?
14
Calculate the remainder when 12369 is divided by 104.
97
What is the remainder when 14360 is divided by 2870?
10
Calculate the remainder when 19131 is divided by 2364.
219
What is the remainder when 2866 is divided by 52?
6
Calculate the remainder when 4470 is divided by 216.
150
What is the remainder when 133063 is divided by 7?
0
What is the remainder when 9024 is divided by 902?
4
What is the remainder when 250549 is divided by 13184?
53
Calculate the remainder when 8805 is divided by 298.
163
What is the remainder when 8701 is divided by 2171?
17
Calculate the remainder when 27461 is divided by 234.
83
What is the remainder when 313236 is divided by 111?
105
What is the remainder when 25842 is divided by 52?
50
What is the remainder when 641 is divided by 301?
39
What is the remainder when 34185 is divided by 180?
165
Calculate the remainder when 317762 is divided by 81.
80
What is the remainder when 7320 is divided by 24?
0
What is the remainder when 9479 is divided by 20?
19
What is the remainder when 13990 is divided by 2798?
0
What is the remainder when 26718 is divided by 989?
15
Calculate the remainder when 1237760 is divided by 161.
153
What is the remainder when 55838 is divided by 997?
6
What is the remainder when 335942 is divided by 98?
96
Calculate the remainder when 89522 is divided by 407.
389
Calculate the remainder when 44497 is divided by 14828.
13
What is the remainder when 84012 is divided by 356?
352
Calculate the remainder when 863 is divided by 54.
53
Calculate the remainder when 50783 is divided by 627.
623
What is the remainder when 5025 is divided by 2214?
597
What is the remainder when 231984 is divided by 190?
184
What is the remainder when 5730 is divided by 357?
18
What is the remainder when 8290 is divided by 4057?
176
What is the remainder when 1463 is divided by 158?
41
What is the remainder when 1579812 is divided by 78990?
12
Calculate the remainder when 133331 is divided by 492.
491
What is the remainder when 33945 is divided by 8483?
13
What is the remainder when 10994 is divided by 10982?
12
Calculate the remainder when 11701 is divided by 732.
721
Calculate the remainder when 10439 is divided by 362.
303
Calculate the remainder when 4147 is divided by 518.
3
Calculate the remainder when 20275 is divided by 5019.
199
Calculate the remainder when 32570 is divided by 1256.
1170
Calculate the remainder when 1005683 is divided by 17.
14
Calculate the remainder when 1235 is divided by 32.
19
Calculate the remainder when 169094 is divided by 156.
146
Calculate the remainder when 78962 is divided by 18.
14
Calculate the remainder when 320123 is divided by 6.
5
What is the remainder when 4395 is divided by 1015?
335
Calculate the remainder when 763 is divided by 265.
233
Calculate the remainder when 4074 is divided by 4063.
11
What is the remainder when 3201 is divided by 3182?
19
What is the remainder when 2725 is divided by 1314?
97
What is the remainder when 1495228 is divided by 12?
4
What is the remainder when 2904 is divided by 76?
16
Calculate the remainder when 11393 is divided by 148.
145
Calculate the remainder when 33187 is divided by 649.
88
What is the remainder when 8430 is divided by 158?
56
Calculate the remainder when 160939 is divided by 8.
3
Calculate the remainder when 38029 is divided by 180.
49
Calculate the remainder when 10867 is divided by 10807.
60
Calculate the remainder when 4260 is divided by 361.
289
What is the remainder when 323954 is divided by 345?
344
What is the remainder when 2917 is divided by 241?
25
What is the remainder when 181476 is divided by 11?
9
What is the remainder when 3576 is divided by 247?
118
What is the remainder when 1077997 is divided by 112?
109
What is the remainder when 64590 is divided by 100?
90
What is the remainder when 2577 is divided by 216?
201
Calculate the remainder when 2013 is divided by 92.
81
Calculate the remainder when 1967470 is divided by 312.
310
What is the remainder when 155903 is divided by 7795?
3
Calculate the remainder when 1079 is divided by 506.
67
Calculate the remainder when 29733 is divided by 338.
327
What is the remainder when 4831 is divided by 243?
214
What is the remainder when 75566 is divided by 97?
3
What is the remainder when 971 is divided by 136?
19
Calculate the remainder when 19253 is divided by 9612.
29
Calculate the remainder when 5162 is divided by 41.
37
What is the remainder when 3271979 is divided by 39?
35
Calculate the remainder when 11126 is divided by 66.
38
What is the remainder when 8153 is divided by 149?
107
Calculate the remainder when 9675 is divided by 4813.
49
What is the remainder when 5311 is divided by 359?
285
Calculate the remainder when 7943 is divided by 3971.
1
What is the remainder when 3659834 is divided by 5?
4
What is the remainder when 10689 is divided by 206?
183
Calculate the remainder when 109240 is divided by 1887.
1681
Calculate the remainder when 24915 is divided by 10.
5
Calculate the remainder when 25490 is divided by 143.
36
What is the remainder when 3403 is divided by 837?
55
Calculate the remainder when 6284 is divided by 38.
14
Calculate the remainder when 3986 is divided by 280.
66
What is the remainder when 47434 is divided by 1281?
37
Calculate the remainder when 16710 is divided by 87.
6
Calculate the remainder when 185152 is divided by 147.
79
Calculate the remainder when 2003 is divided by 184.
163
What is the remainder when 31598 is divided by 127?
102
What is the remainder when 1206377 is divided by 245?
242
What is the remainder when 3834 is divided by 231?
138
Calculate the remainder when 140288 is divided by 18.
14
Calculate the remainder when 2250 is divided by 1931.
319
Calculate the remainder when 140745 is divided by 13.
7
Calculate the remainder when 2403 is divided by 894.
615
Calculate the remainder when 23075 is divided by 40.
35
Calculate the remainder when 17349 is divided by 23.
7
What is the remainder when 3995 is divided by 797?
10
What is the remainder when 2624339 is divided by 1374?
1373
Calculate the remainder when 22731 is divided by 112.
107
Calculate the remainder when 5865 is divided by 276.
69
What is the remainder when 50329 is divided by 1016?
545
Calculate the remainder when 14234 is divided by 48.
26
What is the remainder when 34882 is divided by 684?
682
Calculate the remainder when 116048 is divided by 114.
110
Calculate the remainder when 23635 is divided by 294.
115
What is the remainder when 1016 is divided by 603?
413
What is the remainder when 42669 is divided by 336?
333
Calculate the remainder when 94989 is divided by 70.
69
Calculate the remainder when 511025 is divided by 7.
4
What is the remainder when 259107 is divided by 145?
137
Calculate the remainder when 872818 is divided by 17.
4
What is the remainder when 1617218 is divided by 27?
26
Calculate the remainder when 1650 is divided by 813.
24
Calculate the remainder when 23078 is divided by 2259.
488
Calculate the remainder when 69025 is divided by 1605.
10
What is the remainder when 6435386 is divided by 195?
191
Calculate the remainder when 410016 is divided by 9111.
21
What is the remainder when 4449 is divided by 232?
41
What is the remainder when 5486 is divided by 2721?
44
What is the remainder when 4263 is divided by 427?
420
Calculate the remainder when 147925 is divided by 80.
5
Calculate the remainder when 851 is divided by 